 + 74*z**2 + 73*z + 45. What is n(-73)?
45
Let y(i) = -424*i - 9281. Give y(-22).
47
Let v(j) = 5*j**2 - 105*j - 87. Give v(22).
23
Let t(r) = r**3 + 210*r**2 - 195*r + 3415. Calculate t(-211).
39
Let t(j) = -j**2 + 25*j + 172. Calculate t(33).
-92
Let t(c) = -22*c**2 + 2417*c + 330. What is t(110)?
0
Let h(y) = -y**3 - 35*y**2 - 31*y + 3. Give h(-34).
-99
Let f(t) = -2*t**2 - 27*t + 1. Determine f(-3).
64
Let l(t) = t**2 + 25*t + 21. Determine l(-8).
-115
Let v(y) = y**2 + 163*y + 4566. What is v(-36)?
-6
Let r(m) = m**2 + 17*m - 20. Calculate r(-25).
180
Let i(y) = 243*y - 90. Give i(4).
882
Let v(b) = 141*b + 26521. Give v(-188).
13
Let m(z) = -7*z**2 - 42*z - 60. Calculate m(-2).
-4
Let y(c) = 50*c + 127. What is y(0)?
127
Let n(v) = -4803*v + 4780. Give n(1).
-23
Let h(n) = n**3 + 3*n**2 + 176*n - 178. Give h(1).
2
Let c(n) = 2*n**3 - 39*n**2 - 61*n - 34. Determine c(21).
8
Let w(h) = 4*h**3 + 90*h**2 + 49*h - 13. Determine w(-22).
-123
Let g(k) = -k**3 + k**2 + 6*k + 55. Determine g(-6).
271
Let w(b) = 25*b - 86. Give w(9).
139
Let p(f) = -f**3 - 16*f**2 - 21*f - 328. What is p(-16)?
8
Let m(v) = 627*v - 22604. Calculate m(36).
-32
Let c(d) = -d**2 - 16*d + 300. Calculate c(13).
-77
Let o(p) = 7*p - 34. What is o(14)?
64
Let y(h) = -11*h**2 - 74*h + 2. Calculate y(-7).
-19
Let i(y) = -28*y**2 + 1085*y + 286. Give i(39).
13
Let b(c) = 158*c**2 + 2367*c - 47. What is b(-15)?
-2
Let k(t) = -t**2 + 1924*t + 5785. Give k(-3).
4
Let s(h) = -38*h**3 - 568*h**2 + 30*h - 10. What is s(-15)?
-10
Let i(s) = s**3 - 15*s**2 + 5*s - 341. What is i(18)?
721
Let d(b) = b**3 + 48*b**2 + 51*b + 59. Determine d(-47).
-129
Let l(c) = 5*c**3 - 25*c**2 - 23*c + 56. Calculate l(5).
-59
Let o(z) = -z**3 + 22*z**2 + 48*z + 1. Give o(24).
1
Let k(d) = -15*d**2 + 128*d + 1. Calculate k(12).
-623
Let a(z) = 18*z**2 - 1789*z + 701. Give a(99).
8
Let f(x) = 69*x - 203. Calculate f(-3).
-410
Let k(n) = 5327*n - 21311. Determine k(4).
-3
Let y(h) = 12*h**3 + 4*h**2 - 2*h + 4. Give y(2).
112
Let s(v) = v**3 + 9*v**2 + 422*v + 2421. Determine s(-6).
-3
Let z(y) = -y**3 - 17*y**2 + 235*y + 12. Give z(-26).
-14
Let q(o) = o**2 - 94*o + 185. Give q(2).
1
Let f(c) = -4*c**2 - 60*c - 58. Calculate f(-1).
-2
Let l(w) = -30*w - 1793. What is l(-61)?
37
Let y(v) = v**3 + 34*v**2 + 55*v + 160. What is y(-32)?
448
Let y(n) = -21808*n + 21814. What is y(1)?
6
Let u(k) = -97*k - 2326. Calculate u(-24).
2
Let w(a) = 38*a - 324. What is w(10)?
56
Let r(d) = 29*d + 238. What is r(-6)?
64
Let x(g) = g**3 + 30*g**2 - 418*g - 27. Calculate x(11).
336
Let j(d) = -d**3 - 4*d**2 + 34*d + 138. Give j(-5).
-7
Let i(h) = 12*h + 5. What is i(-1)?
-7
Let a(q) = 21*q - 428. What is a(21)?
13
Let f(w) = -w**2 + 19*w + 141. Determine f(25).
-9
Let w(i) = -2*i**3 + 101*i**2 - 81*i + 1552. Determine w(50).
2
Let c(t) = t - 52. Give c(23).
-29
Let g(h) = 1032*h + 72223. Calculate g(-70).
-17
Let t(v) = -v**2 - 63*v - 1053. Give t(-34).
-67
Let z(b) = -330*b + 3278. Calculate z(10).
-22
Let a(m) = -3*m**3 - 48*m**2 + 55*m + 48. Determine a(-17).
-20
Let m(c) = 2110*c - 21121. What is m(10)?
-21
Let o(c) = -c**3 + 3*c**2 - 36*c - 164. Give o(-3).
-2
Let t(i) = -54*i - 52. What is t(-1)?
2
Let h(o) = -3*o**3 + 24*o**2 + 20*o + 4. Calculate h(9).
-59
Let d(k) = 2*k**3 + 107*k**2 - 55*k - 94. Determine d(-54).
-40
Let w(b) = 4*b**2 - 37*b + 193. What is w(8)?
153
Let f(p) = -2*p**2 + 70*p + 46. What is f(36)?
-26
Let o(u) = u**3 + 21*u**2 + 3*u + 8. Determine o(-21).
-55
Let a(k) = 911*k + 5466. Calculate a(-6).
0
Let k(o) = 37*o + 408. What is k(-11)?
1
Let n(d) = -42*d + 504. Determine n(13).
-42
Let g(i) = 212*i - 1241. What is g(6)?
31
Let f(g) = -5902*g + 23606. What is f(4)?
-2
Let h(i) = -7*i + 199. Give h(19).
66
Let s(h) = -h - 105. Calculate s(3).
-108
Let t(l) = -l**2 - 15*l + 26. Calculate t(-16).
10
Let b(f) = -4*f**3 + 6*f**2 - 2*f - 13. Determine b(3).
-73
Let j(p) = -84*p**3 - 10*p**2 + 7*p + 2. Calculate j(1).
-85
Let t(w) = 88*w + 529. What is t(-6)?
1
Let o(n) = -3*n**3 - 10*n**2 + 46*n + 24. What is o(3)?
-9
Let s(g) = -2*g**2 + 15*g - 27. Calculate s(7).
-20
Let s(p) = 5*p**2 + 56*p - 7. What is s(-11)?
-18
Let p(x) = -x**3 + 8*x**2 + 5*x - 6. Determine p(11).
-314
Let d(r) = 2*r**2 + 26*r + 256. Determine d(-21).
592
Let y(m) = 3*m**3 + 29*m**2 + m - 60. What is y(-9)?
93
Let b(o) = o**2 - 164*o + 4669. Determine b(127).
-30
Let c(a) = 15*a - 147. What is c(19)?
138
Let r(a) = a**3 - 11*a**2 + 46*a - 136. Calculate r(5).
-56
Let s(u) = 675*u - 3390. Give s(5).
-15
Let j(d) = -9*d + 385. What is j(16)?
241
Let f(m) = -m**3 + 12*m**2 - 18*m + 19. Calculate f(10).
39
Let w(h) = 290*h + 1698. Give w(-5).
248
Let n(r) = -686*r + 4908. Determine n(7).
106
Let n(l) = -15*l - 114. What is n(-6)?
-24
Let o(c) = -c**3 + 11*c**2 + 13*c - 14. What is o(12)?
-2
Let p(m) = -571*m + 25603. What is p(45)?
-92
Let h(r) = -3*r**2 + 97*r - 284. Give h(29).
6
Let w(o) = 73544*o + 588348. What is w(-8)?
-4
Let k(h) = 47*h - 449. Give k(10).
21
Let c(v) = 792*v**2 + 18*v - 15. What is c(1)?
795
Let v(x) = x**2 + 530*x + 3663. Determine v(-7).
2
Let v(r) = -r**3 + 7*r**2 + 41*r - 24. Determine v(12).
-252
Let h(q) = 268*q + 5629. Calculate h(-21).
1
Let f(l) = -l**2 - 378*l - 32226. Calculate f(-248).
14
Let s(j) = -53*j - 1226. What is s(-25)?
99
Let d(l) = -12*l**2 - 15*l - 45. Determine d(-6).
-387
Let v(t) = -280*t**2 + 167*t + 340. Calculate v(-2).
-1114
Let o(g) = 2*g**2 - 2*g + 8. What is o(-6)?
92
Let m(s) = 50*s**2 - 202*s - 2. What is m(4)?
-10
Let j(l) = -31*l**2 - 498*l + 18. Determine j(-16).
50
Let d(t) = -5*t**2 - 13*t + 352. Give d(8).
-72
Let c(t) = 10*t**3 - 75*t**2 - 15*t + 24. Determine c(8).
224
Let n(f) = -93*f + 12056. Give n(129).
59
Let f(x) = -x**2 - 106*x - 2023. What is f(-81)?
2
Let p(x) = -16*x - 371. Give p(-23).
-3
Let c(f) = f**2 - 15*f - 20. Determine c(-3).
34
Let v(p) = -p**3 - 16*p**2 - 27*p - 139. Determine v(-17).
609
Let p(n) = 293*n + 4660. Calculate p(-16).
-28
Let l(x) = 1490*x - 2968. Calculate l(2).
12
Let d(u) = 1276*u**2 + 2550*u + 3. What is d(-2)?
7
Let v(z) = 62*z - 381. Determine v(7).
53
Let p(l) = -576*l + 51839. Give p(90).
-1
Let p(y) = y + 9. What is p(29)?
38
Let g(p) = 62*p + 96. What is g(-4)?
-152
Let i(a) = -a**2 + 28*a + 85. What is i(32)?
-43
Let d(y) = -y**3 + 175*y**2 - 173*y - 172. Give d(174).
2
Let y(q) = 46*q**2 + 7*q + 9. Give y(-1).
48
Let k(t) = 289*t**3 + 4*t - 3. Determine k(1).
290
Let c(h) = 4*h**3 - 49*h**2 + 39*h - 289. Determine c(12).
35
Let w(d) = 13*d - 499. Calculate w(6).
-421
Let a(v) = -6*v**2 - 63*v - 99. Calculate a(-7).
48
Let g(f) = f**2 + 17*f - 304. Give g(11).
4
Let l(d) = -d**2 - 4*d + 278. What is l(0)?
278
Let y(l) = 936*l**3 - l**2 - 3*l + 2. What is y(1)?
934
Let u(o) = 5*o**3 + 3*o**2 + 5*o + 10. What is u(-2)?
-28
Let q(c) = -2*c + 111. Give q(24).
63
Let j(b) = 2*b**2 - 74*b + 482. What is j(29)?
18
Let m(s) = -s**2 + 133*s + 2035. What is m(-14)?
-23
Let z(a) = a**2 + 118*a - 680. Calculate z(-123).
-65
Let s(t) = t**3 - 20*t**2 + 60*t - 149. Give s(17).
4
Let m(l) = -l**2 + 48*l - 35. What is m(13)?
420
Let s(m) = -29*m - 179. Calculate s(-20).
401
Let x(v) = -79*v - 595. What is x(-8)?
37
Let h(y) = -82*y - 714. Determine h(-9).
24
Let x(k) = -k**2 + 38*k - 91. Calculate x(24).
245
Let z(l) = l**2 + 62*l - 242. What is z(-68)?
166
Let b(x) = -16*x**2 + 1440*x - 7. Calculate b(90).
-7
Let c(m) = -17*m**2 - 31*m - 43. Determine c(-2).
-49
Let s(r) = -r**2 + 65*r + 85. Calculate s(-8).
-499
Let t(y) = 47*y + 635. Determine t(-14).
-23
Let a(j) = -j**2 - 38*j - 62. Calculate a(-37).
-25
Let c(d) = d**3 - 11*d**2 - 15*d + 41. Calculate c(12).
5
Let y(s) = 2*s**3 - 31*s**2 + 9*s - 1017. Calculate y(17).
3
Let t(o) = -o**3 + 24*o**2 - 57*o - 16. Calculate t(21).
110
Let t(o) = o**2 + 437*o + 23612. Give t(-63).
50
Let w(r) = -14*r - 269. Give w(-17).
-31
Let p(k) = -k**3 - 186*k**2 - 1758*k + 366. What is p(-176)?
14
Let i(y) = 3*y**2 + 119*y + 296. Give i(-37).
0
Let g(v) = -v**2 + 33*v - 265. Give g(16).
7
Let g(f) = f**3 - 138*f**2 - 1482*f + 289. Determine g(148).
-7
Let p(y) = y**3 - 10*y**2 - 34*y + 395. What is p(9)?
8
Let f(x) = 2*x**2 + 256*x - 3978. What is f(-142)?
-2
Let q(p) = p**3 + 3*p**2 - 11